{"id":27426,"date":"2022-10-13T10:18:43","date_gmt":"2022-10-13T10:18:43","guid":{"rendered":"https:\/\/cemyri.es\/es\/?page_id=27426"},"modified":"2022-10-13T10:18:43","modified_gmt":"2022-10-13T10:18:43","slug":"jesus-muyor-rodriguez","status":"publish","type":"page","link":"https:\/\/cemyri.es\/es\/profesores-titulares\/jesus-muyor-rodriguez\/","title":{"rendered":"Jes\u00fas Muyor Rodr\u00edguez"},"content":{"rendered":"\n<p><strong>Departamento: <\/strong>Psicolog\u00eda<\/p>\n\n\n\n<p><strong>\u00c1rea de conocimiento: <\/strong>Trabajo Social y Servicios Sociales<\/p>\n\n\n\n<p><strong>Universidad: <\/strong>Almer\u00eda<\/p>\n\n\n\n<p><strong>L\u00edneas de Investigaci\u00f3n: <\/strong>Pol\u00edticas Sociales, Servicios Sociales, Trabajo Social, Comunicaci\u00f3n social y colectivos vulnerables, Promoci\u00f3n de la Autonom\u00eda, Atenci\u00f3n a la dependencia y pol\u00edticas del cuidado.<\/p>\n\n\n\n<p><strong>Grupo de Investigaci\u00f3n: <\/strong>Secci\u00f3n de Sociolog\u00eda- SEJ419<\/p>\n\n\n\n<p><strong>Correo Electr\u00f3nico: <\/strong><a href=\"mailto:jesusmuyor@ual.es\">jesusmuyor@ual.es<\/a><\/p>\n\n\n\n<p><strong>Direcci\u00f3n de contacto: <\/strong>Edificio Ciencias de la Salud. Decanato de Psicolog\u00eda.<\/p>\n\n\n\n<p><strong>Curr\u00edculum<\/strong><\/p>\n\n\n\n<p><a href=\"https:\/\/orcid.org\/0000-0003-4226-5181\">https:\/\/orcid.org\/0000-0003-4226-5181<\/a><\/p>\n\n\n\n<p><a href=\"https:\/\/www.researchgate.net\/profile\/Jesus-Muyor-Rodriguez\">https:\/\/www.researchgate.net\/profile\/Jesus-Muyor-Rodriguez<\/a><\/p>\n\n\n\n<p><a href=\"https:\/\/dialnet.unirioja.es\/servlet\/autor?codigo=2588359\">https:\/\/dialnet.unirioja.es\/servlet\/autor?codigo=2588359<\/a><\/p>\n\n\n\n<p><a href=\"https:\/\/publons.com\/researcher\/3459926\/jesus-muyor-rodriguez\">https:\/\/publons.com\/researcher\/3459926\/jesus-muyor-rodriguez<\/a> <a href=\"https:\/\/scholar.google.com\/citations?user=EGzZqkgAAAAJ\">https:\/\/scholar.google.com\/citations?user=EGzZqkgAAAAJ<\/a><\/p>\n","protected":false},"excerpt":{"rendered":"<p>Departamento: Psicolog\u00eda \u00c1rea de conocimiento: Trabajo Social y Servicios Sociales Universidad: Almer\u00eda L\u00edneas de Investigaci\u00f3n: Pol\u00edticas Sociales, Servicios Sociales, Trabajo Social, Comunicaci\u00f3n social y colectivos vulnerables, Promoci\u00f3n de la Autonom\u00eda, Atenci\u00f3n a la dependencia y pol\u00edticas del cuidado. Grupo de Investigaci\u00f3n: Secci\u00f3n de Sociolog\u00eda- SEJ419 Correo Electr\u00f3nico: jesusmuyor@ual.es Direcci\u00f3n de contacto: Edificio Ciencias de la&#8230;<\/p>\n","protected":false},"author":1,"featured_media":0,"parent":27355,"menu_order":0,"comment_status":"closed","ping_status":"closed","template":"","meta":{"footnotes":""},"class_list":["post-27426","page","type-page","status-publish","hentry"],"_links":{"self":[{"href":"https:\/\/cemyri.es\/es\/wp-json\/wp\/v2\/pages\/27426","targetHints":{"allow":["GET"]}}],"collection":[{"href":"https:\/\/cemyri.es\/es\/wp-json\/wp\/v2\/pages"}],"about":[{"href":"https:\/\/cemyri.es\/es\/wp-json\/wp\/v2\/types\/page"}],"author":[{"embeddable":true,"href":"https:\/\/cemyri.es\/es\/wp-json\/wp\/v2\/users\/1"}],"replies":[{"embeddable":true,"href":"https:\/\/cemyri.es\/es\/wp-json\/wp\/v2\/comments?post=27426"}],"version-history":[{"count":1,"href":"https:\/\/cemyri.es\/es\/wp-json\/wp\/v2\/pages\/27426\/revisions"}],"predecessor-version":[{"id":27427,"href":"https:\/\/cemyri.es\/es\/wp-json\/wp\/v2\/pages\/27426\/revisions\/27427"}],"up":[{"embeddable":true,"href":"https:\/\/cemyri.es\/es\/wp-json\/wp\/v2\/pages\/27355"}],"wp:attachment":[{"href":"https:\/\/cemyri.es\/es\/wp-json\/wp\/v2\/media?parent=27426"}],"curies":[{"name":"wp","href":"https:\/\/api.w.org\/{rel}","templated":true}]}}

Jesús Muyor Rodríguez

<p><strong>Departamento: </strong>Psicología</p>



<p><strong>Área de conocimiento: </strong>Trabajo Social y Servicios Sociales</p>



<p><strong>Universidad: </strong>Almería</p>



<p><strong>Líneas de Investigación: </strong>Políticas Sociales, Servicios Sociales, Trabajo Social, Comunicación social y colectivos vulnerables, Promoción de la Autonomía, Atención a la dependencia y políticas del cuidado.</p>



<p><strong>Grupo de Investigación: </strong>Sección de Sociología- SEJ419</p>



<p><strong>Correo Electrónico: </strong><a href="mailto:jesusmuyor@ual.es">jesusmuyor@ual.es</a></p>



<p><strong>Dirección de contacto: </strong>Edificio Ciencias de la Salud. Decanato de Psicología.</p>



<p><strong>Currículum</strong></p>



<p><a href="https://orcid.org/0000-0003-4226-5181">https://orcid.org/0000-0003-4226-5181</a></p>



<p><a href="https://www.researchgate.net/profile/Jesus-Muyor-Rodriguez">https://www.researchgate.net/profile/Jesus-Muyor-Rodriguez</a></p>



<p><a href="https://dialnet.unirioja.es/servlet/autor?codigo=2588359">https://dialnet.unirioja.es/servlet/autor?codigo=2588359</a></p>



<p><a href="https://publons.com/researcher/3459926/jesus-muyor-rodriguez">https://publons.com/researcher/3459926/jesus-muyor-rodriguez</a> <a href="https://scholar.google.com/citations?user=EGzZqkgAAAAJ">https://scholar.google.com/citations?user=EGzZqkgAAAAJ</a></p>

<p>Departamento: Psicología Área de conocimiento: Trabajo Social y Servicios Sociales Universidad: Almería Líneas de Investigación: Políticas Sociales, Servicios Sociales, Trabajo Social, Comunicación social y colectivos vulnerables, Promoción de la Autonomía, Atención a la dependencia y políticas del cuidado. Grupo de Investigación: Sección de Sociología- SEJ419 Correo Electrónico: jesusmuyor@ual.es Dirección de contacto: Edificio Ciencias de la&#8230;</p>
